n p is divided by k.
8
Let l = 145 + -109. What is the remainder when l is divided by 24?
12
Suppose 1081*p - 1057*p = 3096. Calculate the remainder when p is divided by 49.
31
Let q(v) = 4*v - 35. Let m be q(6). Let k = 32 + m. Calculate the remainder when 55 is divided by k.
13
Suppose 130 = 32*x - 30*x. What is the remainder when 452 is divided by x?
62
Suppose 22*f - 9446 = 2610. What is the remainder when f is divided by 22?
20
Suppose 3*v + 22 = -32. What is the remainder when 33 is divided by (-53)/(-3) + (-6)/v?
15
Let o = -60 + 35. What is the remainder when 15 is divided by o/10*(-16)/10?
3
Let q = 90 - 33. Let v(a) = 5 + a**3 - 2*a**2 - 3 + 9*a**2 - 1 + 5*a. What is the remainder when q is divided by v(-4)?
28
Let z = -81 + 144. Suppose z*u + 168 = 67*u. What is the remainder when u is divided by 16?
10
Let f be 592/10 + (-44)/(-55). Suppose -f = -v - 4*v. Let t = -37 - -72. What is the remainder when t is divided by v?
11
Suppose -s + 5 = -2*g, -5*g - 17 = -s + 3*s. Let f = g + 17. Calculate the remainder when 26 is divided by f.
12
Let o = -27 + 27. Suppose -3*t + o*t + 67 = -5*w, -4*t - 2*w + 72 = 0. Calculate the remainder when 94 is divided by t.
18
Calculate the remainder when (-46)/69 - (-1 + (-1815)/9) is divided by 41.
38
Let d(p) = -p**2 + 6*p + 3. What is the remainder when (7 - 4) + 13 - -5 is divided by d(5)?
5
Suppose -2*r - 3*c = -6, r = -5*c - 0*c - 11. Suppose -180 = -20*j + 60. Calculate the remainder when j is divided by r.
3
Let v be 1 + -4 - 152/(-19). Suppose 13*p + 86 = 2*h + 9*p, -150 = -v*h - 3*p. What is the remainder when h is divided by 9?
6
Let x = 11 - 14. What is the remainder when (-10)/((-1)/(x/(-2))) is divided by 9?
6
Let m be (-72)/3*8/6. Suppose -66*r + 10 = -61*r. What is the remainder when 6 is divided by (-132)/m + r/(-16)?
2
Let h(x) = -x**2 + 4*x - 1. Let g be h(3). Let t be (-9)/g*1416/18. Calculate the remainder when (-1)/(-3) - t/18 is divided by 11.
9
Let g be 1/(1/2) + 3. Suppose 0*x - 5*x - s + 161 = 0, g*s + 20 = 0. What is the remainder when x is divided by 12?
9
Calculate the remainder when (1 + 1)/((-6)/(-2106)) is divided by 37.
36
Suppose -5*x + 0 = -250. Suppose 0 = -4*h - 5*g + x, -g + 6*g + 55 = 3*h. Let u = 29 - h. Calculate the remainder when u is divided by 4.
2
Suppose -2*a - 64 = -4*m, -m + 3*a + 16 = 2*a. Suppose 2*u + m - 60 = 0. Calculate the remainder when u is divided by 12.
10
Suppose 0 = -49*w + 32*w + 289. Calculate the remainder when 81 is divided by w.
13
Let v = 20 - 38. Let y = v - -45. Calculate the remainder when y is divided by 15.
12
Let l(b) = 4*b**2 - 15*b + 34. Calculate the remainder when l(5) is divided by 26.
7
Let d be ((-18)/(-15))/(2/(-10)). Let x(v) = -6*v + 3. What is the remainder when x(d) is divided by 8?
7
Suppose -2*v - 2*t = v - 87, -t = -3. What is the remainder when 186 is divided by v?
24
Let m(t) = -t**3 + 2*t**2 - 2*t + 147. What is the remainder when 154 is divided by m(0)?
7
Let y(q) = -117*q - 2. Let m be y(-2). Suppose -25*t - m = -29*t. Calculate the remainder when t is divided by 12.
10
Suppose -4*s - 1 = -4*b - 13, 0 = -5*s + 25. Suppose -2*p - 128 = b*p. Let x = p - -59. What is the remainder when x is divided by 14?
13
Suppose m + 16 = 2*m. What is the remainder when ((-77)/154)/((-1)/156) is divided by m?
14
Suppose -n + 2*n - 96 = -a, -164 = -2*n + 5*a. What is the remainder when n is divided by 11?
4
Let s = 2897 + -2885. Suppose 0 = -5*t + 157 + 18. Calculate the remainder when t is divided by s.
11
Suppose 73*v - 1310 = -142. Suppose 6*q - 4*q - 58 = 0. What is the remainder when q is divided by v?
13
Let j(k) = 12*k + 489. Calculate the remainder when 81 is divided by j(-38).
15
Let f = 46 - 43. What is the remainder when 62 is divided by f/(-5) + 913/55?
14
Let l = -50 - -18. Calculate the remainder when 114 is divided by (l - -3)*1/(-1).
27
Suppose -266 = -5*d + 2*k, -2*d = 3*k - 7*k - 100. What is the remainder when 100 is divided by d?
46
Let n(v) = v + 5. Let u be n(-10). What is the remainder when 22 is divided by (7 + u)*10/4?
2
Let u(h) = -h**3 + 24*h**2 + 26*h - 12. What is the remainder when 48 is divided by u(25)?
9
Let k(s) = -s + 3. Let t be k(6). Calculate the remainder when (23/(-4))/((-2)/16) + t is divided by 12.
7
Suppose -2*d + 6 = 0, 5*x + 126 - 678 = -4*d. Calculate the remainder when x is divided by 8.
4
Let l = 10 - -13. Let m = 102 - 100. Suppose 0 = -6*i - m*i + 64. What is the remainder when l is divided by i?
7
Let x(j) = 2*j - 4. Let z be x(4). Calculate the remainder when -4 + 72 + (-12)/z is divided by ((-22)/(-5))/(2/10).
21
Suppose 5*k - 2*l = 96, -4*l + 0 = -2*k + 48. What is the remainder when k is divided by 7?
4
Suppose 4*c = 0, 8*s - 9*s + 150 = 5*c. Calculate the remainder when s is divided by 22.
18
Let a(b) = b + 2. Let y be a(1). Suppose j - 5*w - 3 = 0, 5*j - y*j = -3*w + 32. Calculate the remainder when (-1 + 0 - (1 - 1))*-35 is divided by j.
9
Let c(b) = 11*b - 12. Let p(i) = -2*i. Let m(u) = -c(u) - 5*p(u). Let o = 14 + -20. What is the remainder when m(o) is divided by 5?
3
Let i(t) be the first derivative of -t**2/2 + 8*t - 22. Calculate the remainder when 28 is divided by i(-7).
13
Let b(l) = -l**3 - 13*l**2 + 8*l + 107. Suppose -3*k + 9 = -6. What is the remainder when k is divided by b(-13)?
2
Let a = 2667 - 2649. Suppose -7*d + 3*d + 20 = 0. What is the remainder when a is divided by d?
3
Suppose 2*p - 54 = 4*b, 4*p - 4*b - 100 = -0*b. Suppose -22*z + 18*z + 544 = 0. What is the remainder when z is divided by p?
21
Let u(g) = 10*g**3 - g**2 + 2*g - 1. Let f be u(1). What is the remainder when (-38)/(f/(-5) - 0) is divided by 5?
4
Let u = -1042 - -1094. Calculate the remainder when u is divided by 32.
20
Calculate the remainder when (-6)/108*-3 - 250/(-12) is divided by 5.
1
Suppose -5*s = -2*c - 0*s + 115, 5*c + s - 328 = 0. Let m = 80 - c. What is the remainder when (-415)/(-7) - 8/28 is divided by m?
14
Suppose 3*z + 33 = b - 26, 4*z = 0. What is the remainder when 343 is divided by b?
48
Suppose 1397 = 21*f - 1081. What is the remainder when f is divided by 31?
25
Suppose 3*l + g = 179, 5*l - 303 = -2*g - 6. Let m = -47 - -14. Let p = -17 - m. Calculate the remainder when l is divided by p.
13
Let i = 315 - 298. What is the remainder when 424 is divided by i?
16
Let s(y) = -y**3 + 6*y**2 + 5*y + 14. Let m be s(7). Suppose m = -5*z - v + 95, -4*z = -9*z + 2*v + 80. Calculate the remainder when 52 is divided by z.
16
Suppose 5*j + 3*h = -20, 0 = -4*j + 5*h - 16 - 0. Let y(c) = -7*c. What is the remainder when 111 is divided by y(j)?
27
Let v = 28 - -10. Let o(u) = -8*u + 73. Let r be o(8). Suppose -3*l - 47 = -2*x - r, v = 2*x - 5*l. Calculate the remainder when x is divided by 11.
8
Suppose 145*w + 328 = 153*w. Calculate the remainder when w is divided by 22.
19
Let j(b) = 4*b**2 + 17*b + 3. Let i be j(-5). Suppose 0 = -5*w + 17 + i. Calculate the remainder when w is divided by 5.
2
Suppose 0 = 5*o + 4*n - 166, -78 = -6*o + 3*o + 3*n. What is the remainder when o is divided by 9?
3
Let x = -31 - -45. Let m = x - 6. What is the remainder when m is divided by 0 + (6/(-2))/(-1)?
2
Let n = -39 - -20. Let z = n - -25. Calculate the remainder when 28 is divided by z.
4
Let m(a) = 4*a - 21. Let k be m(6). Let j be 2/k - 8/12. Suppose j = -6*w + 201 + 27. Calculate the remainder when w is divided by 20.
18
Suppose n - 84 = -2*q, -4*n + 273 = 2*q - 81. What is the remainder when n is divided by -2*45/(-6) + 1?
10
Suppose 91*p - 49727 = 61657. Calculate the remainder when p is divided by 49.
48
Suppose 2*d = 3*d + 3. Let h = d - -16. What is the remainder when 24 is divided by h?
11
Let m(x) = -x**3 + 10*x**2 - 21*x + 5. Calculate the remainder when 227 is divided by m(6).
20
Let u(o) = -o**3 - 2*o**2 + 5*o - 2. Let j be u(-4). Suppose 0 = -j*m + 4*m + 72. What is the remainder when m is divided by ((-10)/(-6) - 2)*-21?
5
Let b = -217 - -248. What is the remainder when 136 is divided by b?
12
Let c = 269 + -184. Let y = c + -34. Calculate the remainder when y is divided by 28.
23
Calculate the remainder when 726 is divided by (-19)/((-152)/(-54))*(-4 + 0).
24
Suppose -g = -12 - 21. Calculate the remainder when 65 is divided by g.
32
Let p be 8/(-10)*(1175/(-10))/(-1). Let 